-84. What is the greatest common factor of 84 and b?
42
Let c(r) = -r + 2. Let y be c(-7). Let b(h) = -h**3 + 9*h**2 - 7*h - 4. Let x be b(7). Calculate the highest common factor of y and x.
9
Let v be (-1)/2 - (-45)/(-6). Let u be (-2)/v + (-3717)/(-28). What is the highest common divisor of u and 19?
19
Let j be (1*-4)/((-4)/32). Calculate the highest common factor of 16 and j.
16
Suppose 0 = -0*x - 3*x + 3. Let p = x + 0. Suppose -2*d + 2*q = -7 - 3, -3*d = q + p. What is the greatest common factor of 7 and d?
1
Let g = -1 + 3. What is the greatest common factor of g and 46?
2
Let h(n) = n. Let v be h(3). Suppose 3*t - 2 - 7 = 0. Calculate the highest common divisor of t and v.
3
Suppose -3*s + 13 + 47 = -3*g, 2*s - 43 = g. Suppose -3*k + 4 = -2, -3*k = -5*o + 224. Calculate the greatest common factor of s and o.
23
Suppose 0 = -z - 0*z. Suppose -5*n = -5*s + 5 + 25, z = -3*n. Calculate the highest common divisor of 15 and s.
3
Let h be (-20)/12*(-6)/2. Suppose -h*r - 16 = -226. Calculate the highest common divisor of r and 14.
14
Let j(y) = 41*y + 3. Let k be j(3). Calculate the highest common divisor of k and 14.
14
Suppose -3*k - 17 = -68. Let i(m) = 9*m - 40. Let z be i(12). Calculate the greatest common factor of z and k.
17
Suppose -6*m - 1500 = -26*m. What is the highest common factor of 225 and m?
75
Let b be (-9)/54 - (-273)/18. Calculate the greatest common divisor of b and 75.
15
Suppose -2*r + 1 = -9. Calculate the highest common factor of r and 15.
5
Suppose 6*d - 3*d = -39. Let z = d + 21. Let l(c) = -c**3 + 4*c**2 - 1. Let p be l(3). What is the highest common factor of z and p?
8
Let p be ((-720)/(-192))/(1/(-56)*-2). Calculate the greatest common divisor of 15 and p.
15
Let k = -10 + 11. Let d be (6/1)/(k/12). Suppose -52 + 16 = -4*t. What is the greatest common factor of d and t?
9
Suppose 0 = -l - 4*w - w + 207, 5*w = -2*l + 399. What is the greatest common factor of l and 24?
24
Let j = -18 + 21. What is the highest common divisor of 12 and j?
3
Suppose -3*g + 102 = -3*n, 14*g - 4*n = 17*g - 74. Let j = 15 + -9. Calculate the greatest common divisor of j and g.
6
Suppose -2*c - 2*t = 2*t + 22, 2*t = -2*c - 16. Let v be ((-8)/c)/((-2)/(-10)). Suppose 13*a = 12*a + 8. Calculate the greatest common factor of v and a.
8
Let q = 215 - 115. Calculate the greatest common factor of 20 and q.
20
Let h(j) = 8*j**2 + j + 2. Let a be -1 - 2 - (-9)/3. Suppose a = -3*f + f + 6. Let d be h(f). What is the greatest common factor of 11 and d?
11
Suppose -65 + 17 = -a. Suppose 5*j - 24 = j. What is the greatest common divisor of a and j?
6
Let j be 5 - (4 + 2*-4). Calculate the highest common factor of 9 and j.
9
Suppose 0 = d + 3, 5*g - 592 = -d + 105. Suppose 4*p - 88 = -3*h, -4*p - p + g = 5*h. Calculate the greatest common divisor of 16 and h.
8
Let t(y) = -y**3 + 7*y**2 - 6*y - 6. Let u be t(5). Calculate the greatest common factor of 35 and u.
7
Let r be 69/7 - (-2)/14. Calculate the highest common factor of r and 110.
10
Suppose -z = -13 + 3. Let u = 22 - z. What is the greatest common divisor of u and 48?
12
Suppose -p = -4*o + 451, o + p = -2*o + 333. Calculate the greatest common factor of 28 and o.
28
Suppose -4*w + 8 = -4*q, 4*w - 2*q = 3*q + 7. Suppose 0 = -w*b + 6 + 6. Suppose 0 = i - 0*i - b. Calculate the highest common factor of 10 and i.
2
Let t(h) = h**3 - 10*h**2 + 9*h + 3. Let l be t(9). Calculate the highest common factor of 81 and l.
3
Let t(o) = -o - 4. Let z be t(-3). Let i(f) = 12*f**2 + 2*f + 1. Let m be i(z). Suppose -2*n = m - 35. Calculate the highest common divisor of 4 and n.
4
Suppose -4 = 5*v + 3*l, -4*l + 0 = 5*v + 7. Suppose 2*q + 3*q = 40. What is the highest common factor of q and v?
1
Let h = -270 - -424. Suppose -3*a - 5 + 71 = 0. Calculate the highest common divisor of h and a.
22
Suppose 3*p + 5*w - 231 = 193, 0 = -5*p + w + 688. Suppose n + h - 38 = 3*h, 5*n + 3*h = p. Calculate the highest common factor of n and 330.
30
Let l(a) = -48*a**3 + a**2 - 1. Let i be l(-1). Suppose -u = 3*o - 49, -3*o = -3*u + 63 + 24. Let q = u + -28. What is the highest common divisor of q and i?
6
Suppose 4*s + b + 148 = -3*b, -3*b = -4*s - 120. Let o = s - -59. Suppose 91 = y + o. Calculate the highest common factor of 13 and y.
13
Let r = 14 - 43. Let g = r - -51. Calculate the greatest common factor of g and 22.
22
Let n = 53 - -40. Let l be (-3)/(-6)*(1 + n). Let s = l - 19. What is the highest common factor of 42 and s?
14
Let g = 3 + -3. Let u be -3 - -5 - (0 - g). Suppose 0*n + 14 = u*n. What is the highest common divisor of 7 and n?
7
Let a be 2/(-4) - (-117)/18. What is the highest common divisor of 12 and a?
6
Let l be (-6)/(1 - 10/6). Let o = l - 7. Calculate the highest common divisor of o and 3.
1
Let h = 5 + -1. Suppose 0 = m - 3 - 1. What is the highest common factor of m and h?
4
Let q be 2/(-9) - (-22)/18. Let f be 58/(-10) - q/5. Let l be (-7)/(-2) - (-3)/f. Calculate the highest common factor of l and 3.
3
Let q(d) = d**2 + 5*d - 2. Let v be q(-11). What is the greatest common divisor of 8 and v?
8
Let s be (-4 - -5) + 1*3. Suppose -4*z + 21 = -19. What is the highest common divisor of z and s?
2
Let j(n) = -n**2 - n + 2. Let w be j(0). Let l be (-498)/(-18) - w/(-6). Suppose b + 0*b = l. What is the greatest common divisor of b and 42?
14
Let i(b) = 12*b**2 - 3*b + 3. Let n be -1 - 1 - (1 + -2). Let h be (n + 0)*(-1 + 4). Let z be i(h). What is the highest common factor of 15 and z?
15
Let m = -2 - -6. Let j(z) = -z**2 + 3*z + 3. Let k be j(m). Let g be (3 + 15)*k/(-2). What is the highest common factor of g and 45?
9
Let g(z) = z - 3*z + 4 - 14. Let j be g(-7). Suppose -3*c = 2*p - j*p - 40, -5*c + 64 = -2*p. Calculate the greatest common factor of 12 and c.
12
Let y be (-16096)/(-160) + 2/10*-3. Let o(k) = -4*k**3 - 2*k**2 + 2*k. Let g be o(-2). What is the greatest common factor of y and g?
20
Let m = -37 + 45. Let t(p) = 33*p**2 - 2. Let v be t(2). Suppose -5*y = -3*b - v - 175, -2*y + 5*b + 103 = 0. Calculate the greatest common divisor of m and y.
8
Suppose 0 = -3*w - w + 20. Let l be (w + 1)*(-15)/(-10). Calculate the highest common divisor of l and 36.
9
Let m be 3/(-5) - ((-438)/30 - -2). Calculate the greatest common factor of m and 228.
12
Let h = 24 + -22. Calculate the greatest common divisor of 10 and h.
2
Suppose 3*t - 7 = 2. Suppose t*z - 5 = 10. Let j = -44 + 89. What is the highest common divisor of z and j?
5
Let j = -28 - -64. Suppose 4*z = -3*d + 20, -5*d - 4*z + 12 = -4*d. Calculate the greatest common divisor of j and d.
4
Suppose -2*i - i = -4*j - 436, 4*j - 264 = -2*i. Suppose -5*m + 3*s + 94 = -0*s, m - 12 = 4*s. What is the highest common divisor of i and m?
20
Suppose 5*q + 0*q = 0. Suppose -4*p - 4 = -q. Let s be (-2 + p)*(2 - 6). Calculate the greatest common divisor of 30 and s.
6
Let n(u) = 26*u - 3. Let c be n(3). Let w = -439 + 469. What is the greatest common divisor of w and c?
15
Let m be 96/40*(-120)/(-9). Calculate the highest common divisor of 160 and m.
32
Let y be 1/(1 + 0) - -2. Suppose 432 = y*f + f. Calculate the greatest common factor of f and 12.
12
Let o be 61 + 7 + -3 + 0. Calculate the highest common divisor of 195 and o.
65
Suppose -181 + 1 = -10*j. Calculate the greatest common factor of j and 90.
18
Let m(h) = 7*h**2 + 8*h + 5. Let g be m(-6). What is the greatest common divisor of 11 and g?
11
Suppose -3*n + 57 = -5*u - 104, 2*n - 3*u - 107 = 0. What is the greatest common factor of n and 130?
26
Let v(o) = o**3 + 7*o**2 - 5*o - 7. Let i be v(-7). Let p(q) = q**3 - 2*q**2 - 6*q + 6. Let f be p(4). What is the highest common factor of i and f?
14
Let m(a) = 5*a**2 + 4*a + 5. Let x be m(-4). Calculate the greatest common factor of 46 and x.
23
Suppose 3*w - w = -o + 36, -5*o + 158 = -w. Calculate the highest common divisor of 8 and o.
8
Let x be (-2)/(-11) - (-350)/11. What is the greatest common divisor of x and 4?
4
Let t = 5 + 0. Let m(j) = 8*j - 3. Let a(y) = -15*y + 5. Let d(n) = -3*a(n) - 5*m(n). Let g be d(5). What is the highest common factor of g and t?
5
Let w be (-213)/(-15) - (-24)/30. Suppose -w = 5*z, -2*r - 2*z + 12 = r. Suppose 2*x + 0*x - 12 = 0. What is the highest common divisor of x and r?
6
Suppose 8 = -11*p + 13*p. Let